1640?
False
Is 40796 a multiple of 195?
False
Does 114 divide 18468?
True
Does 10 divide 709?
False
Does 42 divide 27426?
True
Does 3 divide 213?
True
Is 9 a factor of 232?
False
Is 484 a multiple of 44?
True
Is 28 a factor of 1853?
False
Is 15416 a multiple of 41?
True
Is 13 a factor of 39?
True
Is 18 a factor of 76442?
False
Is 66 a factor of 5158?
False
Is 10782 a multiple of 18?
True
Does 24 divide 326?
False
Is 50470 a multiple of 19?
False
Does 14 divide 1475?
False
Is 20 a factor of 3304?
False
Is 18 a factor of 6048?
True
Is 12788 a multiple of 33?
False
Does 16 divide 1360?
True
Does 2 divide 7355?
False
Is 14 a factor of 11702?
False
Is 56 a factor of 33413?
False
Does 33 divide 20559?
True
Is 241 a factor of 13737?
True
Does 20 divide 340?
True
Is 31 a factor of 47380?
False
Is 77 a factor of 12557?
False
Is 39 a factor of 17862?
True
Does 10 divide 740?
True
Does 57 divide 32687?
False
Is 31 a multiple of 3?
False
Is 59500 a multiple of 20?
True
Is 3 a factor of 961?
False
Is 108 a factor of 6931?
False
Is 403 a multiple of 29?
False
Is 7 a factor of 469?
True
Is 14 a factor of 28?
True
Does 14 divide 21034?
False
Is 109 a factor of 3379?
True
Is 59867 a multiple of 17?
False
Does 17 divide 1258?
True
Does 16 divide 48?
True
Is 48 a factor of 5664?
True
Does 10 divide 3475?
False
Is 1803 a multiple of 6?
False
Is 55 a factor of 715?
True
Does 18 divide 1260?
True
Is 4227 a multiple of 20?
False
Is 16480 a multiple of 21?
False
Does 3 divide 912?
True
Is 8 a factor of 696?
True
Is 2147 a multiple of 35?
False
Is 43 a factor of 10059?
False
Is 15145 a multiple of 8?
False
Is 56 a factor of 560?
True
Is 709 a multiple of 166?
False
Is 31 a factor of 1984?
True
Is 7 a factor of 76?
False
Is 20 a factor of 1151?
False
Is 5503 a multiple of 31?
False
Does 38 divide 4626?
False
Is 4 a factor of 1310?
False
Is 443 a factor of 19049?
True
Is 118 a factor of 4838?
True
Does 63 divide 1550?
False
Does 12 divide 276?
True
Is 16 a factor of 7872?
True
Is 21 a factor of 84?
True
Does 11 divide 847?
True
Does 16 divide 81?
False
Is 9815 a multiple of 133?
False
Is 24 a factor of 729?
False
Is 7 a factor of 2099?
False
Does 8 divide 24?
True
Is 8592 a multiple of 48?
True
Is 91 a factor of 728?
True
Is 15 a factor of 8581?
False
Is 40 a factor of 6734?
False
Does 39 divide 1146?
False
Is 105 a factor of 10691?
False
Does 89 divide 7120?
True
Is 95 a multiple of 26?
False
Is 14817 a multiple of 67?
False
Does 75 divide 6525?
True
Is 5 a factor of 1749?
False
Is 1733 a multiple of 9?
False
Does 31 divide 126902?
False
Does 81 divide 3726?
True
Does 12 divide 35495?
False
Is 40360 a multiple of 18?
False
Is 66 a multiple of 33?
True
Is 44640 a multiple of 18?
True
Is 16620 a multiple of 100?
False
Does 50 divide 1631?
False
Is 960 a multiple of 43?
False
Does 3 divide 51?
True
Does 101 divide 2434?
False
Does 12 divide 386?
False
Does 9 divide 322?
False
Is 432 a multiple of 6?
True
Does 19 divide 1104?
False
Is 12 a factor of 679?
False
Does 29 divide 123?
False
Does 88 divide 6336?
True
Is 2871 a multiple of 11?
True
Does 55 divide 2294?
False
Is 23 a factor of 5750?
True
Is 27 a factor of 1007?
False
Is 26 a factor of 6942?
True
Does 14 divide 21203?
False
Is 2727 a multiple of 9?
True
Is 11739 a multiple of 129?
True
Does 55 divide 4785?
True
Is 41 a factor of 451?
True
Is 6 a factor of 384?
True
Does 28 divide 1652?
True
Is 112 a factor of 10416?
True
Is 99603 a multiple of 10?
False
Is 14812 a multiple of 50?
False
Does 83 divide 415?
True
Does 10 divide 9409?
False
Is 4446 a multiple of 114?
True
Is 191885 a multiple of 24?
False
Is 45 a factor of 1755?
True
Is 1550 a multiple of 50?
True
Does 38 divide 1710?
True
Does 10 divide 570?
True
Is 14952 a multiple of 21?
True
Is 110 a factor of 8042?
False
Is 2 a factor of 40?
True
Is 44 a factor of 8285?
False
Is 68 a multiple of 5?
False
Is 15 a factor of 14280?
True
Is 1244 a multiple of 2?
True
Is 20384 a multiple of 224?
True
Is 788 a multiple of 65?
False
Does 111 divide 688?
False
Is 53 a factor of 7121?
False
Does 31 divide 3534?
True
Is 155 a multiple of 15?
False
Is 5 a factor of 169?
False
Is 1820 a multiple of 7?
True
Is 13111 a multiple of 14?
False
Is 6197 a multiple of 23?
False
Does 4 divide 114?
False
Is 132 a factor of 6732?
True
Is 2974 a multiple of 56?
False
Does 29 divide 40584?
False
Is 135 a multiple of 2?
False
Is 318 a factor of 120522?
True
Does 7 divide 9801?
False
Does 23 divide 886?
False
Is 4 a factor of 312?
True
Is 14 a factor of 68?
False
Is 73 a factor of 17628?
False
Is 2 a factor of 267?
False
Does 2 divide 519?
False
Does 14 divide 2572?
False
Is 70290 a multiple of 30?
True
Is 14 a factor of 188?
False
Is 392 a multiple of 25?
False
Does 4 divide 232?
True
Is 33408 a multiple of 58?
True
Does 9 divide 153?
True
Is 703 a multiple of 37?
True
Is 36 a factor of 5400?
True
Does 23 divide 2852?
True
Is 686 a multiple of 4?
False
Does 15 divide 791?
False
Does 14 divide 290?
False
Is 5 a factor of 261?
False
Is 87 a factor of 5655?
True
Does 5 divide 2415?
True
Is 4375 a multiple of 125?
True
Is 123777 a multiple of 51?
True
Does 30 divide 1034?
False
Is 19 a factor of 512?
False
Is 180 a multiple of 9?
True
Is 382 a multiple of 10?
False
Does 16 divide 49?
False
Is 3 a factor of 540?
True
Is 3608 a multiple of 12?
False
Is 2425 a multiple of 71?
False
Does 59 divide 1387?
False
Is 6 a factor of 26028?
True
Is 1251 a multiple of 82?
False
Is 3 a factor of 208?
False
Is 15778 a multiple of 39?
False
Does 17 divide 65931?
False
Is 73168 a multiple of 272?
True
Does 12 divide 12144?
True
Is 17464 a multiple of 8?
True
Does 21 divide 1092?
True
Is 3220 a multiple of 20?
True
Is 20 a factor of 31340?
True
Is 4328 a multiple of 43?
False
Is 80 a factor of 2640?
True
Is 79 a factor of 18940?
False
Does 17 divide 4705?
False
Does 390 divide 27300?
True
Does 2 divide 19?
False
Is 7 a factor of 46028?
False
Is 60436 a multiple of 29?
True
Is 85436 a multiple of 198?
False
Is 598 a multiple of 26?
True
Does 16 divide 267?
False
Is 17 a factor of 3264?
True
Is 6916 a multiple of 13?
True
Is 12927 a multiple of 104?
False
Is 23 a factor of 2852?
True
Does 77 divide 1856?
False
Is 7 a factor of 56?
True
Does 51 divide 6902?
False
Is 3 a factor of 3363?
True
Is 61 a factor of 6764?
False
Is 1183 a multiple of 13?
True
Is 12 a factor of 106680?
True
Does 173 divide 29719?
False
Does 20 divide 62540?
True
Does 9 divide 19503?
True
Does 13 divide 142281?
False
Is 12 a factor of 30249?
False
Does 16 divide 8502?
False
Does 41 divide 6601?
True
Does 20 divide 13800?
True
Does 3 divide 109?
False
Is 119 a factor of 1121?
False
Does 55 divide 2585?
True
Is 20711 a multiple of 14?
False
Is 6574 a multiple of 32?
False
Is 19 a factor of 4161?
True
Is 2350 a multiple of 65?
False
Is 28 a factor of 1831?
False
Is 152 a factor of 8968?
True
Is 67 a factor of 4390?
False
Is 1891 a multiple of 8?
False
Is 510 a multiple of 30?
True
Is 653 a multiple of 25?
False
Is 156 a factor of 18564?
True
Is 1476 a multiple of 6?
True
Is 19 a factor of 260?
False
Is 2 a factor of 1065?
False
Is 12876 a multiple of 174?
True
Does 7 divide 2857?
False
Is 1664 a multiple of 16?
True
Is 20 a factor of 480?
True
Is 29 a factor of 1276?
True
Is 422 a multiple of 18?
False
Is 1504 even?
True
Is 68089 a multiple of 137?
True
Is 8931 a multiple of 6?
False
Does 29 divide 957?
True
Is 2321 a multiple of 11?
True
Is 8010 a multiple of 89?
True
Does 14 divide 11914?
True
Is 44 a factor of 25872?
True
Is 11 a factor of 9325?
False
Is 2250 a multiple of 10?
True
Is 35667 a multiple of 15?
False
Does 13 divide 763?
False
Is 59090 a multiple of 78?
False
Does 19 divide 769?
False
Does 8 divide 200?
True
Does 58 divide 6090?
True
Does 144 divide 5607?
False
Is 827 a multiple of 36?
False
Does 7 divide 532?
True
Is 31 a factor of 1860?
True
Is 5170 a multiple of 67?
False
Is 143 a factor of 35607?
True
Does 28 divide 1390?
False
Is 133 a multiple of 7?
True
Is 13706 a multiple of 232?
False
Is 2413 a multiple of 14?
False
Is 11 a factor of 891?
True
Is 9 a factor of 5139?
True
Is 8163 a multiple of 9?
True
Is 352 a multiple of 32?
True
Is 6 a factor of 1510?
False
Is 29 a factor of 13881?
False
Is 25 a factor of 1317?
Fa